{"id":37583,"date":"2026-05-11T14:47:16","date_gmt":"2026-05-11T17:47:16","guid":{"rendered":"https:\/\/chooseon.com.br\/mobtap\/?page_id=37583"},"modified":"2026-05-12T16:50:12","modified_gmt":"2026-05-12T19:50:12","slug":"tapete-duo","status":"publish","type":"page","link":"https:\/\/chooseon.com.br\/mobtap\/tapete-duo\/","title":{"rendered":"Tapete DUO"},"content":{"rendered":"\t\t<div data-elementor-type=\"wp-page\" data-elementor-id=\"37583\" class=\"elementor elementor-37583\" data-elementor-post-type=\"page\">\n\t\t\t\t\t\t<section class=\"elementor-section elementor-top-section elementor-element elementor-element-e9f48d2 elementor-section-boxed elementor-section-height-default elementor-section-height-default sc_fly_static\" data-id=\"e9f48d2\" data-element_type=\"section\" data-e-type=\"section\">\n\t\t\t\t\t\t<div class=\"elementor-container elementor-column-gap-extended\">\n\t\t\t\t\t<div class=\"elementor-column elementor-col-100 elementor-top-column elementor-element elementor-element-21dadd2 sc_layouts_column_align_center sc_layouts_column sc_content_align_inherit sc_layouts_column_icons_position_left sc_fly_static\" data-id=\"21dadd2\" data-element_type=\"column\" data-e-type=\"column\">\n\t\t\t<div class=\"elementor-widget-wrap elementor-element-populated\">\n\t\t\t\t\t\t<div class=\"elementor-element elementor-element-d6ca032 sc_height_huge sc_fly_static elementor-widget elementor-widget-spacer\" data-id=\"d6ca032\" data-element_type=\"widget\" data-e-type=\"widget\" data-widget_type=\"spacer.default\">\n\t\t\t\t<div class=\"elementor-widget-container\">\n\t\t\t\t\t\t\t<div class=\"elementor-spacer\">\n\t\t\t<div class=\"elementor-spacer-inner\"><\/div>\n\t\t<\/div>\n\t\t\t\t\t\t<\/div>\n\t\t\t\t<\/div>\n\t\t\t\t<div class=\"elementor-element elementor-element-6fcc5c2 elementor-widget__width-initial sc_fly_static elementor-widget elementor-widget-trx_sc_title\" data-id=\"6fcc5c2\" data-element_type=\"widget\" data-e-type=\"widget\" data-widget_type=\"trx_sc_title.default\">\n\t\t\t\t<div class=\"elementor-widget-container\">\n\t\t\t\t\t<div\t\tclass=\"sc_title sc_title_default\" ><h1 class=\"sc_item_title sc_title_title sc_item_title_style_default sc_item_title_tag\"\n\t\t\t><span class=\"sc_item_title_text\">Tapete DUO<\/span><\/h1><\/div>\t\t\t\t<\/div>\n\t\t\t\t<\/div>\n\t\t\t\t<div class=\"elementor-element elementor-element-71bf9e3 sc_height_huge sc_fly_static elementor-widget elementor-widget-spacer\" data-id=\"71bf9e3\" data-element_type=\"widget\" data-e-type=\"widget\" data-widget_type=\"spacer.default\">\n\t\t\t\t<div class=\"elementor-widget-container\">\n\t\t\t\t\t\t\t<div class=\"elementor-spacer\">\n\t\t\t<div class=\"elementor-spacer-inner\"><\/div>\n\t\t<\/div>\n\t\t\t\t\t\t<\/div>\n\t\t\t\t<\/div>\n\t\t\t\t\t<\/div>\n\t\t<\/div>\n\t\t\t\t\t<\/div>\n\t\t<\/section>\n\t\t\t\t<section class=\"elementor-section elementor-top-section elementor-element elementor-element-70d4e87 elementor-section-full_width scheme_default elementor-section-height-default elementor-section-height-default sc_gradient_animation_none sc_fly_static\" data-id=\"70d4e87\" data-element_type=\"section\" data-e-type=\"section\" data-settings=\"{&quot;background_background&quot;:&quot;gradient&quot;}\">\n\t\t\t\t\t\t\t<div class=\"elementor-background-overlay\"><\/div>\n\t\t\t\t\t\t\t<div class=\"elementor-container elementor-column-gap-extended\">\n\t\t\t\t\t<div class=\"elementor-column elementor-col-100 elementor-top-column elementor-element elementor-element-4b8e7b6 sc_content_align_inherit sc_layouts_column_icons_position_left sc_fly_static\" data-id=\"4b8e7b6\" data-element_type=\"column\" data-e-type=\"column\">\n\t\t\t<div class=\"elementor-widget-wrap elementor-element-populated\">\n\t\t\t\t\t\t<div class=\"elementor-element elementor-element-2d0a3c2 sc_height_huge sc_layouts_hide_on_mobile sc_fly_static elementor-widget elementor-widget-spacer\" data-id=\"2d0a3c2\" data-element_type=\"widget\" data-e-type=\"widget\" data-widget_type=\"spacer.default\">\n\t\t\t\t<div class=\"elementor-widget-container\">\n\t\t\t\t\t\t\t<div class=\"elementor-spacer\">\n\t\t\t<div class=\"elementor-spacer-inner\"><\/div>\n\t\t<\/div>\n\t\t\t\t\t\t<\/div>\n\t\t\t\t<\/div>\n\t\t\t\t<section class=\"elementor-section elementor-inner-section elementor-element elementor-element-80a73bd elementor-section-full_width elementor-section-height-default elementor-section-height-default sc_fly_static\" data-id=\"80a73bd\" data-element_type=\"section\" data-e-type=\"section\">\n\t\t\t\t\t\t<div class=\"elementor-container elementor-column-gap-extended\">\n\t\t\t\t\t<div class=\"elementor-column elementor-col-50 elementor-inner-column elementor-element elementor-element-5e52936 sc_content_align_inherit sc_layouts_column_icons_position_left sc_fly_static\" data-id=\"5e52936\" data-element_type=\"column\" data-e-type=\"column\" data-settings=\"{&quot;background_background&quot;:&quot;classic&quot;}\">\n\t\t\t<div class=\"elementor-widget-wrap elementor-element-populated\">\n\t\t\t\t\t\t<div class=\"elementor-element elementor-element-e12564a sc_fly_static elementor-widget elementor-widget-spacer\" data-id=\"e12564a\" data-element_type=\"widget\" data-e-type=\"widget\" data-widget_type=\"spacer.default\">\n\t\t\t\t<div class=\"elementor-widget-container\">\n\t\t\t\t\t\t\t<div class=\"elementor-spacer\">\n\t\t\t<div class=\"elementor-spacer-inner\"><\/div>\n\t\t<\/div>\n\t\t\t\t\t\t<\/div>\n\t\t\t\t<\/div>\n\t\t\t\t<div class=\"elementor-element elementor-element-a9e7d0c no-title sc_fly_static elementor-widget elementor-widget-image\" data-id=\"a9e7d0c\" data-element_type=\"widget\" data-e-type=\"widget\" data-widget_type=\"image.default\">\n\t\t\t\t<div class=\"elementor-widget-container\">\n\t\t\t\t\t\t\t\t\t\t\t\t\t\t\t<img decoding=\"async\" src=\"https:\/\/chooseon.com.br\/mobtap\/wp-content\/uploads\/elementor\/thumbs\/6cc07077-871e-4a2a-aad1-0efe296a18c8-rnd3pojlohx4a4l7fh75cj4w3lvbrj9b9xwism0s4s.jpg\" title=\"6cc07077-871e-4a2a-aad1-0efe296a18c8\" alt=\"6cc07077-871e-4a2a-aad1-0efe296a18c8\" loading=\"lazy\" \/>\t\t\t\t\t\t\t\t\t\t\t\t\t\t\t<\/div>\n\t\t\t\t<\/div>\n\t\t\t\t<div class=\"elementor-element elementor-element-0a7c5c8 sc_fly_static elementor-widget elementor-widget-spacer\" data-id=\"0a7c5c8\" data-element_type=\"widget\" data-e-type=\"widget\" data-widget_type=\"spacer.default\">\n\t\t\t\t<div class=\"elementor-widget-container\">\n\t\t\t\t\t\t\t<div class=\"elementor-spacer\">\n\t\t\t<div class=\"elementor-spacer-inner\"><\/div>\n\t\t<\/div>\n\t\t\t\t\t\t<\/div>\n\t\t\t\t<\/div>\n\t\t\t\t\t<\/div>\n\t\t<\/div>\n\t\t\t\t<div class=\"elementor-column elementor-col-50 elementor-inner-column elementor-element elementor-element-bca23ab sc_content_align_inherit sc_layouts_column_icons_position_left sc_fly_static\" data-id=\"bca23ab\" data-element_type=\"column\" data-e-type=\"column\">\n\t\t\t<div class=\"elementor-widget-wrap elementor-element-populated\">\n\t\t\t\t\t\t<div class=\"elementor-element elementor-element-d18031a sc_fly_static elementor-widget elementor-widget-spacer\" data-id=\"d18031a\" data-element_type=\"widget\" data-e-type=\"widget\" data-widget_type=\"spacer.default\">\n\t\t\t\t<div class=\"elementor-widget-container\">\n\t\t\t\t\t\t\t<div class=\"elementor-spacer\">\n\t\t\t<div class=\"elementor-spacer-inner\"><\/div>\n\t\t<\/div>\n\t\t\t\t\t\t<\/div>\n\t\t\t\t<\/div>\n\t\t\t\t<div class=\"elementor-element elementor-element-2a6005a sc_layouts_hide_on_mobile sc_layouts_hide_on_notebook sc_layouts_hide_on_tablet sc_fly_static elementor-widget elementor-widget-spacer\" data-id=\"2a6005a\" data-element_type=\"widget\" data-e-type=\"widget\" data-widget_type=\"spacer.default\">\n\t\t\t\t<div class=\"elementor-widget-container\">\n\t\t\t\t\t\t\t<div class=\"elementor-spacer\">\n\t\t\t<div class=\"elementor-spacer-inner\"><\/div>\n\t\t<\/div>\n\t\t\t\t\t\t<\/div>\n\t\t\t\t<\/div>\n\t\t\t\t<section class=\"elementor-section elementor-inner-section elementor-element elementor-element-67715ea elementor-section-boxed elementor-section-height-default elementor-section-height-default sc_fly_static\" data-id=\"67715ea\" data-element_type=\"section\" data-e-type=\"section\">\n\t\t\t\t\t\t<div class=\"elementor-container elementor-column-gap-no\">\n\t\t\t\t\t<div class=\"elementor-column elementor-col-100 elementor-inner-column elementor-element elementor-element-01b98a6 sc_inner_width_1_2 sc-tablet_inner_width_1_1 sc_content_align_inherit sc_layouts_column_icons_position_left sc_fly_static\" data-id=\"01b98a6\" data-element_type=\"column\" data-e-type=\"column\">\n\t\t\t<div class=\"elementor-widget-wrap elementor-element-populated\">\n\t\t\t\t\t\t<div class=\"elementor-element elementor-element-8ba96bd sc_fly_static elementor-widget elementor-widget-trx_sc_title\" data-id=\"8ba96bd\" data-element_type=\"widget\" data-e-type=\"widget\" data-widget_type=\"trx_sc_title.default\">\n\t\t\t\t<div class=\"elementor-widget-container\">\n\t\t\t\t\t<div\t\tclass=\"sc_title sc_title_default\" ><span class=\"sc_item_subtitle sc_title_subtitle sc_item_subtitle_above sc_item_title_style_default\">tapete<\/span><h1 class=\"sc_item_title sc_title_title sc_item_title_style_default sc_item_title_tag\"\n\t\t\t><span class=\"sc_item_title_text\">DUO<\/span><\/h1><\/div>\t\t\t\t<\/div>\n\t\t\t\t<\/div>\n\t\t\t\t<div class=\"elementor-element elementor-element-503683b sc_fly_static elementor-widget elementor-widget-spacer\" data-id=\"503683b\" data-element_type=\"widget\" data-e-type=\"widget\" data-widget_type=\"spacer.default\">\n\t\t\t\t<div class=\"elementor-widget-container\">\n\t\t\t\t\t\t\t<div class=\"elementor-spacer\">\n\t\t\t<div class=\"elementor-spacer-inner\"><\/div>\n\t\t<\/div>\n\t\t\t\t\t\t<\/div>\n\t\t\t\t<\/div>\n\t\t\t\t<div class=\"elementor-element elementor-element-29e2767 sc_fly_static elementor-widget elementor-widget-text-editor\" data-id=\"29e2767\" data-element_type=\"widget\" data-e-type=\"widget\" data-widget_type=\"text-editor.default\">\n\t\t\t\t<div class=\"elementor-widget-container\">\n\t\t\t\t\t\t\t\t\t<p data-start=\"0\" data-end=\"368\">foi criado para reunir duas fun\u00e7\u00f5es essenciais em um \u00fanico tapete: reter res\u00edduos s\u00f3lidos e absorver a umidade. Produzido com tecnologia pr\u00f3pria, combina efici\u00eancia, resist\u00eancia e um design moderno, sendo perfeito para ambientes com grande circula\u00e7\u00e3o de pessoas que necessitam de limpeza frequente e excelente apresenta\u00e7\u00e3o.<\/p><p data-start=\"370\" data-end=\"687\" data-is-last-node=\"\" data-is-only-node=\"\">Sua superf\u00edcie em fibras de polipropileno, aliada \u00e0 base vin\u00edlica antiderrapante, proporciona alto desempenho no dia a dia. As tramas maiores ajudam a remover sujeiras s\u00f3lidas dos cal\u00e7ados, enquanto as menores absorvem a umidade, reduzindo riscos de escorreg\u00f5es e mantendo o local limpo e seguro por muito mais tempo.<\/p>\t\t\t\t\t\t\t\t<\/div>\n\t\t\t\t<\/div>\n\t\t\t\t<div class=\"elementor-element elementor-element-26e40c5 sc_fly_static elementor-widget elementor-widget-spacer\" data-id=\"26e40c5\" data-element_type=\"widget\" data-e-type=\"widget\" data-widget_type=\"spacer.default\">\n\t\t\t\t<div class=\"elementor-widget-container\">\n\t\t\t\t\t\t\t<div class=\"elementor-spacer\">\n\t\t\t<div class=\"elementor-spacer-inner\"><\/div>\n\t\t<\/div>\n\t\t\t\t\t\t<\/div>\n\t\t\t\t<\/div>\n\t\t\t\t<div class=\"elementor-element elementor-element-18f8e69 sc_fly_static elementor-widget elementor-widget-text-editor\" data-id=\"18f8e69\" data-element_type=\"widget\" data-e-type=\"widget\" data-widget_type=\"text-editor.default\">\n\t\t\t\t<div class=\"elementor-widget-container\">\n\t\t\t\t\t\t\t\t\t<p>O Tapete Duo Kapazi \u00e9 ideal para ambientes internos de alto tr\u00e1fego, como:<\/p><ul><li>Lojas e com\u00e9rcios<\/li><li>Hot\u00e9is, cl\u00ednicas e hospitais<\/li><li>Shoppings e centros comerciais<\/li><li>Bancos, franquias e lojas de varejo<\/li><li>Centros de conven\u00e7\u00f5es e escrit\u00f3rios corporativos<\/li><\/ul><p>Sua versatilidade e resist\u00eancia o tornam perfeito para entradas, recep\u00e7\u00f5es e \u00e1reas de passagem moderada a intensa, onde o controle da umidade e da sujeira \u00e9 essencial.<\/p>\t\t\t\t\t\t\t\t<\/div>\n\t\t\t\t<\/div>\n\t\t\t\t<div class=\"elementor-element elementor-element-d54af37 sc_height_tiny sc_fly_static elementor-widget elementor-widget-spacer\" data-id=\"d54af37\" data-element_type=\"widget\" data-e-type=\"widget\" data-widget_type=\"spacer.default\">\n\t\t\t\t<div class=\"elementor-widget-container\">\n\t\t\t\t\t\t\t<div class=\"elementor-spacer\">\n\t\t\t<div class=\"elementor-spacer-inner\"><\/div>\n\t\t<\/div>\n\t\t\t\t\t\t<\/div>\n\t\t\t\t<\/div>\n\t\t\t\t<div class=\"elementor-element elementor-element-b524ded sc_height_tiny sc_fly_static elementor-widget elementor-widget-spacer\" data-id=\"b524ded\" data-element_type=\"widget\" data-e-type=\"widget\" data-widget_type=\"spacer.default\">\n\t\t\t\t<div class=\"elementor-widget-container\">\n\t\t\t\t\t\t\t<div class=\"elementor-spacer\">\n\t\t\t<div class=\"elementor-spacer-inner\"><\/div>\n\t\t<\/div>\n\t\t\t\t\t\t<\/div>\n\t\t\t\t<\/div>\n\t\t\t\t<div class=\"elementor-element elementor-element-35b16af sc_layouts_hide_on_mobile sc_layouts_hide_on_notebook sc_layouts_hide_on_tablet sc_fly_static elementor-widget elementor-widget-spacer\" data-id=\"35b16af\" data-element_type=\"widget\" data-e-type=\"widget\" data-widget_type=\"spacer.default\">\n\t\t\t\t<div class=\"elementor-widget-container\">\n\t\t\t\t\t\t\t<div class=\"elementor-spacer\">\n\t\t\t<div class=\"elementor-spacer-inner\"><\/div>\n\t\t<\/div>\n\t\t\t\t\t\t<\/div>\n\t\t\t\t<\/div>\n\t\t\t\t<div class=\"elementor-element elementor-element-a7f84c2 sc_fly_static elementor-widget elementor-widget-trx_sc_button\" data-id=\"a7f84c2\" data-element_type=\"widget\" data-e-type=\"widget\" data-widget_type=\"trx_sc_button.default\">\n\t\t\t\t<div class=\"elementor-widget-container\">\n\t\t\t\t\t<div\tclass=\"sc_item_button sc_button_wrap\" ><a href=\"https:\/\/chooseon.com.br\/mobtap\/wp-content\/uploads\/2026\/05\/Duo.pdf\" class=\"sc_button sc_button_default sc_button_size_normal sc_button_icon_left color_style_link2\" ><span class=\"sc_button_text\"><span class=\"sc_button_title\">Especifica\u00e7\u00f5es T\u00e9cnicas<\/span><\/span><\/a><\/div>\t\t\t\t<\/div>\n\t\t\t\t<\/div>\n\t\t\t\t\t<\/div>\n\t\t<\/div>\n\t\t\t\t\t<\/div>\n\t\t<\/section>\n\t\t\t\t<div class=\"elementor-element elementor-element-f89062e sc_layouts_hide_on_mobile sc_fly_static elementor-widget elementor-widget-spacer\" data-id=\"f89062e\" data-element_type=\"widget\" data-e-type=\"widget\" data-widget_type=\"spacer.default\">\n\t\t\t\t<div class=\"elementor-widget-container\">\n\t\t\t\t\t\t\t<div class=\"elementor-spacer\">\n\t\t\t<div class=\"elementor-spacer-inner\"><\/div>\n\t\t<\/div>\n\t\t\t\t\t\t<\/div>\n\t\t\t\t<\/div>\n\t\t\t\t\t<\/div>\n\t\t<\/div>\n\t\t\t\t\t<\/div>\n\t\t<\/section>\n\t\t\t\t<div class=\"elementor-element elementor-element-a6cf58e sc_height_huge sc_fly_static elementor-widget elementor-widget-spacer\" data-id=\"a6cf58e\" data-element_type=\"widget\" data-e-type=\"widget\" data-widget_type=\"spacer.default\">\n\t\t\t\t<div class=\"elementor-widget-container\">\n\t\t\t\t\t\t\t<div class=\"elementor-spacer\">\n\t\t\t<div class=\"elementor-spacer-inner\"><\/div>\n\t\t<\/div>\n\t\t\t\t\t\t<\/div>\n\t\t\t\t<\/div>\n\t\t\t\t\t<\/div>\n\t\t<\/div>\n\t\t\t\t\t<\/div>\n\t\t<\/section>\n\t\t\t\t<section class=\"elementor-section elementor-top-section elementor-element elementor-element-4c48a45 elementor-section-full_width elementor-section-height-default elementor-section-height-default sc_fly_static\" data-id=\"4c48a45\" data-element_type=\"section\" data-e-type=\"section\">\n\t\t\t\t\t\t<div class=\"elementor-container elementor-column-gap-extended\">\n\t\t\t\t\t<div class=\"elementor-column elementor-col-100 elementor-top-column elementor-element elementor-element-25a3a51 sc_content_align_inherit sc_layouts_column_icons_position_left sc_fly_static\" data-id=\"25a3a51\" data-element_type=\"column\" data-e-type=\"column\">\n\t\t\t<div class=\"elementor-widget-wrap elementor-element-populated\">\n\t\t\t\t\t\t<div class=\"elementor-element elementor-element-b6836a6 sc_height_medium sc_fly_static elementor-widget elementor-widget-spacer\" data-id=\"b6836a6\" data-element_type=\"widget\" data-e-type=\"widget\" data-widget_type=\"spacer.default\">\n\t\t\t\t<div class=\"elementor-widget-container\">\n\t\t\t\t\t\t\t<div class=\"elementor-spacer\">\n\t\t\t<div class=\"elementor-spacer-inner\"><\/div>\n\t\t<\/div>\n\t\t\t\t\t\t<\/div>\n\t\t\t\t<\/div>\n\t\t\t\t<div class=\"elementor-element elementor-element-843d9b3 sc_fly_static elementor-widget elementor-widget-image-gallery\" data-id=\"843d9b3\" data-element_type=\"widget\" data-e-type=\"widget\" data-widget_type=\"image-gallery.default\">\n\t\t\t\t<div class=\"elementor-widget-container\">\n\t\t\t\t\t\t\t<div class=\"elementor-image-gallery\">\n\t\t\t<div id='gallery-1' class='gallery galleryid-37583 gallery-columns-6 gallery-size-trx_addons-thumb-portrait'><figure class='gallery-item'>\n\t\t\t<div class='gallery-icon landscape'>\n\t\t\t\t<a data-elementor-open-lightbox=\"yes\" data-elementor-lightbox-slideshow=\"843d9b3\" data-e-action-hash=\"#elementor-action%3Aaction%3Dlightbox%26settings%3DeyJpZCI6Mzc3MzcsInVybCI6Imh0dHBzOlwvXC9jaG9vc2Vvbi5jb20uYnJcL21vYnRhcFwvd3AtY29udGVudFwvdXBsb2Fkc1wvMjAyNlwvMDVcL2MwYzI2MGJlLWQwMjEtNDg2My1iNTFiLWExYmMwZTM1M2Q5ZC5qcGciLCJzbGlkZXNob3ciOiI4NDNkOWIzIn0%3D\" href='https:\/\/chooseon.com.br\/mobtap\/wp-content\/uploads\/2026\/05\/c0c260be-d021-4863-b51b-a1bc0e353d9d.jpg'><img fetchpriority=\"high\" decoding=\"async\" width=\"370\" height=\"493\" src=\"https:\/\/chooseon.com.br\/mobtap\/wp-content\/uploads\/2026\/05\/c0c260be-d021-4863-b51b-a1bc0e353d9d-370x493.jpg\" class=\"attachment-trx_addons-thumb-portrait size-trx_addons-thumb-portrait\" alt=\"\" \/><\/a>\n\t\t\t<\/div><\/figure><figure class='gallery-item'>\n\t\t\t<div class='gallery-icon landscape'>\n\t\t\t\t<a data-elementor-open-lightbox=\"yes\" data-elementor-lightbox-slideshow=\"843d9b3\" data-e-action-hash=\"#elementor-action%3Aaction%3Dlightbox%26settings%3DeyJpZCI6Mzc3MzgsInVybCI6Imh0dHBzOlwvXC9jaG9vc2Vvbi5jb20uYnJcL21vYnRhcFwvd3AtY29udGVudFwvdXBsb2Fkc1wvMjAyNlwvMDVcLzBiZGJjNGE1LTUzOGQtNDRjMy04YzY1LWUwOGRhNjE5MWQxYS5qcGciLCJzbGlkZXNob3ciOiI4NDNkOWIzIn0%3D\" href='https:\/\/chooseon.com.br\/mobtap\/wp-content\/uploads\/2026\/05\/0bdbc4a5-538d-44c3-8c65-e08da6191d1a.jpg'><img decoding=\"async\" width=\"370\" height=\"493\" src=\"https:\/\/chooseon.com.br\/mobtap\/wp-content\/uploads\/2026\/05\/0bdbc4a5-538d-44c3-8c65-e08da6191d1a-370x493.jpg\" class=\"attachment-trx_addons-thumb-portrait size-trx_addons-thumb-portrait\" alt=\"\" \/><\/a>\n\t\t\t<\/div><\/figure><figure class='gallery-item'>\n\t\t\t<div class='gallery-icon landscape'>\n\t\t\t\t<a data-elementor-open-lightbox=\"yes\" data-elementor-lightbox-slideshow=\"843d9b3\" data-e-action-hash=\"#elementor-action%3Aaction%3Dlightbox%26settings%3DeyJpZCI6Mzc3MzksInVybCI6Imh0dHBzOlwvXC9jaG9vc2Vvbi5jb20uYnJcL21vYnRhcFwvd3AtY29udGVudFwvdXBsb2Fkc1wvMjAyNlwvMDVcLzViODZjMDRiLTk0M2ItNDkyZi1hYzhiLTNjNjNlZTMyYmFjNi5qcGciLCJzbGlkZXNob3ciOiI4NDNkOWIzIn0%3D\" href='https:\/\/chooseon.com.br\/mobtap\/wp-content\/uploads\/2026\/05\/5b86c04b-943b-492f-ac8b-3c63ee32bac6.jpg'><img decoding=\"async\" width=\"370\" height=\"493\" src=\"https:\/\/chooseon.com.br\/mobtap\/wp-content\/uploads\/2026\/05\/5b86c04b-943b-492f-ac8b-3c63ee32bac6-370x493.jpg\" class=\"attachment-trx_addons-thumb-portrait size-trx_addons-thumb-portrait\" alt=\"\" \/><\/a>\n\t\t\t<\/div><\/figure><figure class='gallery-item'>\n\t\t\t<div class='gallery-icon landscape'>\n\t\t\t\t<a data-elementor-open-lightbox=\"yes\" data-elementor-lightbox-slideshow=\"843d9b3\" data-e-action-hash=\"#elementor-action%3Aaction%3Dlightbox%26settings%3DeyJpZCI6Mzc3NDEsInVybCI6Imh0dHBzOlwvXC9jaG9vc2Vvbi5jb20uYnJcL21vYnRhcFwvd3AtY29udGVudFwvdXBsb2Fkc1wvMjAyNlwvMDVcLzUwZGUyYjg0LWFkMzctNDcxNS04OGIyLTZmZWMzNmZhZTMyZS5qcGciLCJzbGlkZXNob3ciOiI4NDNkOWIzIn0%3D\" href='https:\/\/chooseon.com.br\/mobtap\/wp-content\/uploads\/2026\/05\/50de2b84-ad37-4715-88b2-6fec36fae32e.jpg'><img loading=\"lazy\" decoding=\"async\" width=\"370\" height=\"493\" src=\"https:\/\/chooseon.com.br\/mobtap\/wp-content\/uploads\/2026\/05\/50de2b84-ad37-4715-88b2-6fec36fae32e-370x493.jpg\" class=\"attachment-trx_addons-thumb-portrait size-trx_addons-thumb-portrait\" alt=\"\" \/><\/a>\n\t\t\t<\/div><\/figure><figure class='gallery-item'>\n\t\t\t<div class='gallery-icon landscape'>\n\t\t\t\t<a data-elementor-open-lightbox=\"yes\" data-elementor-lightbox-slideshow=\"843d9b3\" data-e-action-hash=\"#elementor-action%3Aaction%3Dlightbox%26settings%3DeyJpZCI6Mzc3NDIsInVybCI6Imh0dHBzOlwvXC9jaG9vc2Vvbi5jb20uYnJcL21vYnRhcFwvd3AtY29udGVudFwvdXBsb2Fkc1wvMjAyNlwvMDVcLzk2ZWQzMzk4LWYzNDAtNDM0Yy04NDgwLTcwMDNhNjlhYjVkNS5qcGciLCJzbGlkZXNob3ciOiI4NDNkOWIzIn0%3D\" href='https:\/\/chooseon.com.br\/mobtap\/wp-content\/uploads\/2026\/05\/96ed3398-f340-434c-8480-7003a69ab5d5.jpg'><img loading=\"lazy\" decoding=\"async\" width=\"370\" height=\"493\" src=\"https:\/\/chooseon.com.br\/mobtap\/wp-content\/uploads\/2026\/05\/96ed3398-f340-434c-8480-7003a69ab5d5-370x493.jpg\" class=\"attachment-trx_addons-thumb-portrait size-trx_addons-thumb-portrait\" alt=\"\" \/><\/a>\n\t\t\t<\/div><\/figure><figure class='gallery-item'>\n\t\t\t<div class='gallery-icon landscape'>\n\t\t\t\t<a data-elementor-open-lightbox=\"yes\" data-elementor-lightbox-slideshow=\"843d9b3\" data-e-action-hash=\"#elementor-action%3Aaction%3Dlightbox%26settings%3DeyJpZCI6Mzc3NDMsInVybCI6Imh0dHBzOlwvXC9jaG9vc2Vvbi5jb20uYnJcL21vYnRhcFwvd3AtY29udGVudFwvdXBsb2Fkc1wvMjAyNlwvMDVcL2EwNGE2ODNiLWE0ZTgtNDc1Ny05MjU0LWEyMjc2NmY1ZjY1OC5qcGciLCJzbGlkZXNob3ciOiI4NDNkOWIzIn0%3D\" href='https:\/\/chooseon.com.br\/mobtap\/wp-content\/uploads\/2026\/05\/a04a683b-a4e8-4757-9254-a22766f5f658.jpg'><img loading=\"lazy\" decoding=\"async\" width=\"370\" height=\"493\" src=\"https:\/\/chooseon.com.br\/mobtap\/wp-content\/uploads\/2026\/05\/a04a683b-a4e8-4757-9254-a22766f5f658-370x493.jpg\" class=\"attachment-trx_addons-thumb-portrait size-trx_addons-thumb-portrait\" alt=\"\" \/><\/a>\n\t\t\t<\/div><\/figure>\n\t\t<\/div>\n\t\t<\/div>\n\t\t\t\t\t\t<\/div>\n\t\t\t\t<\/div>\n\t\t\t\t\t<\/div>\n\t\t<\/div>\n\t\t\t\t\t<\/div>\n\t\t<\/section>\n\t\t\t\t<section class=\"elementor-section elementor-top-section elementor-element elementor-element-f18c98b elementor-section-boxed elementor-section-height-default elementor-section-height-default sc_fly_static\" data-id=\"f18c98b\" data-element_type=\"section\" data-e-type=\"section\">\n\t\t\t\t\t\t<div class=\"elementor-container elementor-column-gap-extended\">\n\t\t\t\t\t<div class=\"elementor-column elementor-col-100 elementor-top-column elementor-element elementor-element-0976710 sc_content_align_inherit sc_layouts_column_icons_position_left sc_fly_static\" data-id=\"0976710\" data-element_type=\"column\" data-e-type=\"column\">\n\t\t\t<div class=\"elementor-widget-wrap elementor-element-populated\">\n\t\t\t\t\t\t<div class=\"elementor-element elementor-element-1fac59c sc_height_huge sc_fly_static elementor-widget elementor-widget-spacer\" data-id=\"1fac59c\" data-element_type=\"widget\" data-e-type=\"widget\" data-widget_type=\"spacer.default\">\n\t\t\t\t<div class=\"elementor-widget-container\">\n\t\t\t\t\t\t\t<div class=\"elementor-spacer\">\n\t\t\t<div class=\"elementor-spacer-inner\"><\/div>\n\t\t<\/div>\n\t\t\t\t\t\t<\/div>\n\t\t\t\t<\/div>\n\t\t\t\t\t<\/div>\n\t\t<\/div>\n\t\t\t\t\t<\/div>\n\t\t<\/section>\n\t\t\t\t<\/div>\n\t\t","protected":false},"excerpt":{"rendered":"<p>Tapete DUO tapete DUO foi criado para reunir duas fun\u00e7\u00f5es essenciais em um \u00fanico tapete: reter res\u00edduos s\u00f3lidos e absorver a umidade. Produzido com tecnologia pr\u00f3pria, combina efici\u00eancia, resist\u00eancia e&hellip;<\/p>\n","protected":false},"author":1,"featured_media":0,"parent":0,"menu_order":0,"comment_status":"closed","ping_status":"closed","template":"","meta":{"footnotes":""},"class_list":["post-37583","page","type-page","status-publish","hentry"],"_links":{"self":[{"href":"https:\/\/chooseon.com.br\/mobtap\/wp-json\/wp\/v2\/pages\/37583","targetHints":{"allow":["GET"]}}],"collection":[{"href":"https:\/\/chooseon.com.br\/mobtap\/wp-json\/wp\/v2\/pages"}],"about":[{"href":"https:\/\/chooseon.com.br\/mobtap\/wp-json\/wp\/v2\/types\/page"}],"author":[{"embeddable":true,"href":"https:\/\/chooseon.com.br\/mobtap\/wp-json\/wp\/v2\/users\/1"}],"replies":[{"embeddable":true,"href":"https:\/\/chooseon.com.br\/mobtap\/wp-json\/wp\/v2\/comments?post=37583"}],"version-history":[{"count":7,"href":"https:\/\/chooseon.com.br\/mobtap\/wp-json\/wp\/v2\/pages\/37583\/revisions"}],"predecessor-version":[{"id":37750,"href":"https:\/\/chooseon.com.br\/mobtap\/wp-json\/wp\/v2\/pages\/37583\/revisions\/37750"}],"wp:attachment":[{"href":"https:\/\/chooseon.com.br\/mobtap\/wp-json\/wp\/v2\/media?parent=37583"}],"curies":[{"name":"wp","href":"https:\/\/api.w.org\/{rel}","templated":true}]}}