{"id":37606,"date":"2026-05-11T14:58:42","date_gmt":"2026-05-11T17:58:42","guid":{"rendered":"https:\/\/chooseon.com.br\/mobtap\/?page_id=37606"},"modified":"2026-05-12T16:40:46","modified_gmt":"2026-05-12T19:40:46","slug":"waterkap","status":"publish","type":"page","link":"https:\/\/chooseon.com.br\/mobtap\/waterkap\/","title":{"rendered":"Waterkap"},"content":{"rendered":"\t\t<div data-elementor-type=\"wp-page\" data-elementor-id=\"37606\" class=\"elementor elementor-37606\" data-elementor-post-type=\"page\">\n\t\t\t\t\t\t<section class=\"elementor-section elementor-top-section elementor-element elementor-element-e9f48d2 elementor-section-boxed elementor-section-height-default elementor-section-height-default sc_fly_static\" data-id=\"e9f48d2\" data-element_type=\"section\" data-e-type=\"section\">\n\t\t\t\t\t\t<div class=\"elementor-container elementor-column-gap-extended\">\n\t\t\t\t\t<div class=\"elementor-column elementor-col-100 elementor-top-column elementor-element elementor-element-21dadd2 sc_layouts_column_align_center sc_layouts_column sc_content_align_inherit sc_layouts_column_icons_position_left sc_fly_static\" data-id=\"21dadd2\" data-element_type=\"column\" data-e-type=\"column\">\n\t\t\t<div class=\"elementor-widget-wrap elementor-element-populated\">\n\t\t\t\t\t\t<div class=\"elementor-element elementor-element-d6ca032 sc_height_huge sc_fly_static elementor-widget elementor-widget-spacer\" data-id=\"d6ca032\" data-element_type=\"widget\" data-e-type=\"widget\" data-widget_type=\"spacer.default\">\n\t\t\t\t<div class=\"elementor-widget-container\">\n\t\t\t\t\t\t\t<div class=\"elementor-spacer\">\n\t\t\t<div class=\"elementor-spacer-inner\"><\/div>\n\t\t<\/div>\n\t\t\t\t\t\t<\/div>\n\t\t\t\t<\/div>\n\t\t\t\t<div class=\"elementor-element elementor-element-6fcc5c2 elementor-widget__width-initial sc_fly_static elementor-widget elementor-widget-trx_sc_title\" data-id=\"6fcc5c2\" data-element_type=\"widget\" data-e-type=\"widget\" data-widget_type=\"trx_sc_title.default\">\n\t\t\t\t<div class=\"elementor-widget-container\">\n\t\t\t\t\t<div\t\tclass=\"sc_title sc_title_default\" ><h1 class=\"sc_item_title sc_title_title sc_item_title_style_default sc_item_title_tag\"\n\t\t\t><span class=\"sc_item_title_text\">Tapete Waterkap<\/span><\/h1><\/div>\t\t\t\t<\/div>\n\t\t\t\t<\/div>\n\t\t\t\t<div class=\"elementor-element elementor-element-71bf9e3 sc_height_huge sc_fly_static elementor-widget elementor-widget-spacer\" data-id=\"71bf9e3\" data-element_type=\"widget\" data-e-type=\"widget\" data-widget_type=\"spacer.default\">\n\t\t\t\t<div class=\"elementor-widget-container\">\n\t\t\t\t\t\t\t<div class=\"elementor-spacer\">\n\t\t\t<div class=\"elementor-spacer-inner\"><\/div>\n\t\t<\/div>\n\t\t\t\t\t\t<\/div>\n\t\t\t\t<\/div>\n\t\t\t\t\t<\/div>\n\t\t<\/div>\n\t\t\t\t\t<\/div>\n\t\t<\/section>\n\t\t\t\t<section class=\"elementor-section elementor-top-section elementor-element elementor-element-70d4e87 elementor-section-full_width scheme_default elementor-section-height-default elementor-section-height-default sc_gradient_animation_none sc_fly_static\" data-id=\"70d4e87\" data-element_type=\"section\" data-e-type=\"section\" data-settings=\"{&quot;background_background&quot;:&quot;gradient&quot;}\">\n\t\t\t\t\t\t\t<div class=\"elementor-background-overlay\"><\/div>\n\t\t\t\t\t\t\t<div class=\"elementor-container elementor-column-gap-extended\">\n\t\t\t\t\t<div class=\"elementor-column elementor-col-100 elementor-top-column elementor-element elementor-element-4b8e7b6 sc_content_align_inherit sc_layouts_column_icons_position_left sc_fly_static\" data-id=\"4b8e7b6\" data-element_type=\"column\" data-e-type=\"column\">\n\t\t\t<div class=\"elementor-widget-wrap elementor-element-populated\">\n\t\t\t\t\t\t<div class=\"elementor-element elementor-element-2d0a3c2 sc_height_huge sc_layouts_hide_on_mobile sc_fly_static elementor-widget elementor-widget-spacer\" data-id=\"2d0a3c2\" data-element_type=\"widget\" data-e-type=\"widget\" data-widget_type=\"spacer.default\">\n\t\t\t\t<div class=\"elementor-widget-container\">\n\t\t\t\t\t\t\t<div class=\"elementor-spacer\">\n\t\t\t<div class=\"elementor-spacer-inner\"><\/div>\n\t\t<\/div>\n\t\t\t\t\t\t<\/div>\n\t\t\t\t<\/div>\n\t\t\t\t<section class=\"elementor-section elementor-inner-section elementor-element elementor-element-80a73bd elementor-section-full_width elementor-section-height-default elementor-section-height-default sc_fly_static\" data-id=\"80a73bd\" data-element_type=\"section\" data-e-type=\"section\">\n\t\t\t\t\t\t<div class=\"elementor-container elementor-column-gap-extended\">\n\t\t\t\t\t<div class=\"elementor-column elementor-col-50 elementor-inner-column elementor-element elementor-element-5e52936 sc_content_align_inherit sc_layouts_column_icons_position_left sc_fly_static\" data-id=\"5e52936\" data-element_type=\"column\" data-e-type=\"column\" data-settings=\"{&quot;background_background&quot;:&quot;classic&quot;}\">\n\t\t\t<div class=\"elementor-widget-wrap elementor-element-populated\">\n\t\t\t\t\t\t<div class=\"elementor-element elementor-element-e12564a sc_fly_static elementor-widget elementor-widget-spacer\" data-id=\"e12564a\" data-element_type=\"widget\" data-e-type=\"widget\" data-widget_type=\"spacer.default\">\n\t\t\t\t<div class=\"elementor-widget-container\">\n\t\t\t\t\t\t\t<div class=\"elementor-spacer\">\n\t\t\t<div class=\"elementor-spacer-inner\"><\/div>\n\t\t<\/div>\n\t\t\t\t\t\t<\/div>\n\t\t\t\t<\/div>\n\t\t\t\t<div class=\"elementor-element elementor-element-a9e7d0c no-title sc_fly_static elementor-widget elementor-widget-image\" data-id=\"a9e7d0c\" data-element_type=\"widget\" data-e-type=\"widget\" data-widget_type=\"image.default\">\n\t\t\t\t<div class=\"elementor-widget-container\">\n\t\t\t\t\t\t\t\t\t\t\t\t\t\t\t<img fetchpriority=\"high\" decoding=\"async\" width=\"1500\" height=\"2000\" src=\"https:\/\/chooseon.com.br\/mobtap\/wp-content\/uploads\/2026\/05\/190291-1600-auto.webp\" class=\"attachment-full size-full wp-image-37732\" alt=\"\" srcset=\"https:\/\/chooseon.com.br\/mobtap\/wp-content\/uploads\/2026\/05\/190291-1600-auto.webp 1500w, https:\/\/chooseon.com.br\/mobtap\/wp-content\/uploads\/2026\/05\/190291-1600-auto-225x300.webp 225w, https:\/\/chooseon.com.br\/mobtap\/wp-content\/uploads\/2026\/05\/190291-1600-auto-768x1024.webp 768w, https:\/\/chooseon.com.br\/mobtap\/wp-content\/uploads\/2026\/05\/190291-1600-auto-1152x1536.webp 1152w, https:\/\/chooseon.com.br\/mobtap\/wp-content\/uploads\/2026\/05\/190291-1600-auto-370x493.webp 370w, https:\/\/chooseon.com.br\/mobtap\/wp-content\/uploads\/2026\/05\/190291-1600-auto-840x1120.webp 840w, https:\/\/chooseon.com.br\/mobtap\/wp-content\/uploads\/2026\/05\/190291-1600-auto-410x547.webp 410w\" sizes=\"(max-width: 1500px) 100vw, 1500px\" \/>\t\t\t\t\t\t\t\t\t\t\t\t\t\t\t<\/div>\n\t\t\t\t<\/div>\n\t\t\t\t<div class=\"elementor-element elementor-element-0a7c5c8 sc_fly_static elementor-widget elementor-widget-spacer\" data-id=\"0a7c5c8\" data-element_type=\"widget\" data-e-type=\"widget\" data-widget_type=\"spacer.default\">\n\t\t\t\t<div class=\"elementor-widget-container\">\n\t\t\t\t\t\t\t<div class=\"elementor-spacer\">\n\t\t\t<div class=\"elementor-spacer-inner\"><\/div>\n\t\t<\/div>\n\t\t\t\t\t\t<\/div>\n\t\t\t\t<\/div>\n\t\t\t\t\t<\/div>\n\t\t<\/div>\n\t\t\t\t<div class=\"elementor-column elementor-col-50 elementor-inner-column elementor-element elementor-element-bca23ab sc_content_align_inherit sc_layouts_column_icons_position_left sc_fly_static\" data-id=\"bca23ab\" data-element_type=\"column\" data-e-type=\"column\">\n\t\t\t<div class=\"elementor-widget-wrap elementor-element-populated\">\n\t\t\t\t\t\t<div class=\"elementor-element elementor-element-d18031a sc_fly_static elementor-widget elementor-widget-spacer\" data-id=\"d18031a\" data-element_type=\"widget\" data-e-type=\"widget\" data-widget_type=\"spacer.default\">\n\t\t\t\t<div class=\"elementor-widget-container\">\n\t\t\t\t\t\t\t<div class=\"elementor-spacer\">\n\t\t\t<div class=\"elementor-spacer-inner\"><\/div>\n\t\t<\/div>\n\t\t\t\t\t\t<\/div>\n\t\t\t\t<\/div>\n\t\t\t\t<div class=\"elementor-element elementor-element-2a6005a sc_layouts_hide_on_mobile sc_layouts_hide_on_notebook sc_layouts_hide_on_tablet sc_fly_static elementor-widget elementor-widget-spacer\" data-id=\"2a6005a\" data-element_type=\"widget\" data-e-type=\"widget\" data-widget_type=\"spacer.default\">\n\t\t\t\t<div class=\"elementor-widget-container\">\n\t\t\t\t\t\t\t<div class=\"elementor-spacer\">\n\t\t\t<div class=\"elementor-spacer-inner\"><\/div>\n\t\t<\/div>\n\t\t\t\t\t\t<\/div>\n\t\t\t\t<\/div>\n\t\t\t\t<section class=\"elementor-section elementor-inner-section elementor-element elementor-element-67715ea elementor-section-boxed elementor-section-height-default elementor-section-height-default sc_fly_static\" data-id=\"67715ea\" data-element_type=\"section\" data-e-type=\"section\">\n\t\t\t\t\t\t<div class=\"elementor-container elementor-column-gap-no\">\n\t\t\t\t\t<div class=\"elementor-column elementor-col-100 elementor-inner-column elementor-element elementor-element-01b98a6 sc_inner_width_1_2 sc-tablet_inner_width_1_1 sc_content_align_inherit sc_layouts_column_icons_position_left sc_fly_static\" data-id=\"01b98a6\" data-element_type=\"column\" data-e-type=\"column\">\n\t\t\t<div class=\"elementor-widget-wrap elementor-element-populated\">\n\t\t\t\t\t\t<div class=\"elementor-element elementor-element-8ba96bd sc_fly_static elementor-widget elementor-widget-trx_sc_title\" data-id=\"8ba96bd\" data-element_type=\"widget\" data-e-type=\"widget\" data-widget_type=\"trx_sc_title.default\">\n\t\t\t\t<div class=\"elementor-widget-container\">\n\t\t\t\t\t<div\t\tclass=\"sc_title sc_title_default\" ><h1 class=\"sc_item_title sc_title_title sc_item_title_style_default sc_item_title_tag\"\n\t\t\t><span class=\"sc_item_title_text\">Waterkap<\/span><\/h1><\/div>\t\t\t\t<\/div>\n\t\t\t\t<\/div>\n\t\t\t\t<div class=\"elementor-element elementor-element-503683b sc_fly_static elementor-widget elementor-widget-spacer\" data-id=\"503683b\" data-element_type=\"widget\" data-e-type=\"widget\" data-widget_type=\"spacer.default\">\n\t\t\t\t<div class=\"elementor-widget-container\">\n\t\t\t\t\t\t\t<div class=\"elementor-spacer\">\n\t\t\t<div class=\"elementor-spacer-inner\"><\/div>\n\t\t<\/div>\n\t\t\t\t\t\t<\/div>\n\t\t\t\t<\/div>\n\t\t\t\t<div class=\"elementor-element elementor-element-29e2767 sc_fly_static elementor-widget elementor-widget-text-editor\" data-id=\"29e2767\" data-element_type=\"widget\" data-e-type=\"widget\" data-widget_type=\"text-editor.default\">\n\t\t\t\t<div class=\"elementor-widget-container\">\n\t\t\t\t\t\t\t\t\t<p data-start=\"0\" data-end=\"291\">Por ser extremamente resistente, o WaterKap \u00e9 ideal para secar os p\u00e9s antes da entrada em ambientes internos. Com capacidade de absor\u00e7\u00e3o de at\u00e9 4 litros de \u00e1gua por metro quadrado, ele se torna um excelente aliado na manuten\u00e7\u00e3o da limpeza em \u00e1reas internas de edif\u00edcios e estabelecimentos.<\/p><p data-start=\"293\" data-end=\"442\" data-is-last-node=\"\" data-is-only-node=\"\">Este modelo conta com superf\u00edcie em alto-relevo, especialmente desenvolvida para remover sujeiras e res\u00edduos dos cal\u00e7ados de quem circula pelo local.<\/p>\t\t\t\t\t\t\t\t<\/div>\n\t\t\t\t<\/div>\n\t\t\t\t<div class=\"elementor-element elementor-element-26e40c5 sc_fly_static elementor-widget elementor-widget-spacer\" data-id=\"26e40c5\" data-element_type=\"widget\" data-e-type=\"widget\" data-widget_type=\"spacer.default\">\n\t\t\t\t<div class=\"elementor-widget-container\">\n\t\t\t\t\t\t\t<div class=\"elementor-spacer\">\n\t\t\t<div class=\"elementor-spacer-inner\"><\/div>\n\t\t<\/div>\n\t\t\t\t\t\t<\/div>\n\t\t\t\t<\/div>\n\t\t\t\t<div class=\"elementor-element elementor-element-d54af37 sc_height_tiny sc_fly_static elementor-widget elementor-widget-spacer\" data-id=\"d54af37\" data-element_type=\"widget\" data-e-type=\"widget\" data-widget_type=\"spacer.default\">\n\t\t\t\t<div class=\"elementor-widget-container\">\n\t\t\t\t\t\t\t<div class=\"elementor-spacer\">\n\t\t\t<div class=\"elementor-spacer-inner\"><\/div>\n\t\t<\/div>\n\t\t\t\t\t\t<\/div>\n\t\t\t\t<\/div>\n\t\t\t\t<div class=\"elementor-element elementor-element-b524ded sc_height_tiny sc_fly_static elementor-widget elementor-widget-spacer\" data-id=\"b524ded\" data-element_type=\"widget\" data-e-type=\"widget\" data-widget_type=\"spacer.default\">\n\t\t\t\t<div class=\"elementor-widget-container\">\n\t\t\t\t\t\t\t<div class=\"elementor-spacer\">\n\t\t\t<div class=\"elementor-spacer-inner\"><\/div>\n\t\t<\/div>\n\t\t\t\t\t\t<\/div>\n\t\t\t\t<\/div>\n\t\t\t\t<div class=\"elementor-element elementor-element-35b16af sc_layouts_hide_on_mobile sc_layouts_hide_on_notebook sc_layouts_hide_on_tablet sc_fly_static elementor-widget elementor-widget-spacer\" data-id=\"35b16af\" data-element_type=\"widget\" data-e-type=\"widget\" data-widget_type=\"spacer.default\">\n\t\t\t\t<div class=\"elementor-widget-container\">\n\t\t\t\t\t\t\t<div class=\"elementor-spacer\">\n\t\t\t<div class=\"elementor-spacer-inner\"><\/div>\n\t\t<\/div>\n\t\t\t\t\t\t<\/div>\n\t\t\t\t<\/div>\n\t\t\t\t<div class=\"elementor-element elementor-element-a7f84c2 sc_fly_static elementor-widget elementor-widget-trx_sc_button\" data-id=\"a7f84c2\" data-element_type=\"widget\" data-e-type=\"widget\" data-widget_type=\"trx_sc_button.default\">\n\t\t\t\t<div class=\"elementor-widget-container\">\n\t\t\t\t\t<div\tclass=\"sc_item_button sc_button_wrap\" ><a href=\"https:\/\/chooseon.com.br\/mobtap\/wp-content\/uploads\/2026\/05\/WaterKap.pdf\" class=\"sc_button sc_button_default sc_button_size_normal sc_button_icon_left color_style_link2\" ><span class=\"sc_button_text\"><span class=\"sc_button_title\">Especifica\u00e7\u00f5es T\u00e9cnicas<\/span><\/span><\/a><\/div>\t\t\t\t<\/div>\n\t\t\t\t<\/div>\n\t\t\t\t\t<\/div>\n\t\t<\/div>\n\t\t\t\t\t<\/div>\n\t\t<\/section>\n\t\t\t\t<div class=\"elementor-element elementor-element-f89062e sc_layouts_hide_on_mobile sc_fly_static elementor-widget elementor-widget-spacer\" data-id=\"f89062e\" data-element_type=\"widget\" data-e-type=\"widget\" data-widget_type=\"spacer.default\">\n\t\t\t\t<div class=\"elementor-widget-container\">\n\t\t\t\t\t\t\t<div class=\"elementor-spacer\">\n\t\t\t<div class=\"elementor-spacer-inner\"><\/div>\n\t\t<\/div>\n\t\t\t\t\t\t<\/div>\n\t\t\t\t<\/div>\n\t\t\t\t\t<\/div>\n\t\t<\/div>\n\t\t\t\t\t<\/div>\n\t\t<\/section>\n\t\t\t\t<div class=\"elementor-element elementor-element-a6cf58e sc_height_huge sc_fly_static elementor-widget elementor-widget-spacer\" data-id=\"a6cf58e\" data-element_type=\"widget\" data-e-type=\"widget\" data-widget_type=\"spacer.default\">\n\t\t\t\t<div class=\"elementor-widget-container\">\n\t\t\t\t\t\t\t<div class=\"elementor-spacer\">\n\t\t\t<div class=\"elementor-spacer-inner\"><\/div>\n\t\t<\/div>\n\t\t\t\t\t\t<\/div>\n\t\t\t\t<\/div>\n\t\t\t\t\t<\/div>\n\t\t<\/div>\n\t\t\t\t\t<\/div>\n\t\t<\/section>\n\t\t\t\t<section class=\"elementor-section elementor-top-section elementor-element elementor-element-4c48a45 elementor-section-full_width elementor-section-height-default elementor-section-height-default sc_fly_static\" data-id=\"4c48a45\" data-element_type=\"section\" data-e-type=\"section\">\n\t\t\t\t\t\t<div class=\"elementor-container elementor-column-gap-extended\">\n\t\t\t\t\t<div class=\"elementor-column elementor-col-100 elementor-top-column elementor-element elementor-element-25a3a51 sc_content_align_inherit sc_layouts_column_icons_position_left sc_fly_static\" data-id=\"25a3a51\" data-element_type=\"column\" data-e-type=\"column\">\n\t\t\t<div class=\"elementor-widget-wrap elementor-element-populated\">\n\t\t\t\t\t\t<div class=\"elementor-element elementor-element-b6836a6 sc_height_medium sc_fly_static elementor-widget elementor-widget-spacer\" data-id=\"b6836a6\" data-element_type=\"widget\" data-e-type=\"widget\" data-widget_type=\"spacer.default\">\n\t\t\t\t<div class=\"elementor-widget-container\">\n\t\t\t\t\t\t\t<div class=\"elementor-spacer\">\n\t\t\t<div class=\"elementor-spacer-inner\"><\/div>\n\t\t<\/div>\n\t\t\t\t\t\t<\/div>\n\t\t\t\t<\/div>\n\t\t\t\t<div class=\"elementor-element elementor-element-843d9b3 sc_fly_static elementor-widget elementor-widget-image-gallery\" data-id=\"843d9b3\" data-element_type=\"widget\" data-e-type=\"widget\" data-widget_type=\"image-gallery.default\">\n\t\t\t\t<div class=\"elementor-widget-container\">\n\t\t\t\t\t\t\t<div class=\"elementor-image-gallery\">\n\t\t\t<div id='gallery-1' class='gallery galleryid-37606 gallery-columns-3 gallery-size-trx_addons-thumb-portrait'><figure class='gallery-item'>\n\t\t\t<div class='gallery-icon landscape'>\n\t\t\t\t<a data-elementor-open-lightbox=\"yes\" data-elementor-lightbox-slideshow=\"843d9b3\" data-e-action-hash=\"#elementor-action%3Aaction%3Dlightbox%26settings%3DeyJpZCI6Mzc3MjksInVybCI6Imh0dHBzOlwvXC9jaG9vc2Vvbi5jb20uYnJcL21vYnRhcFwvd3AtY29udGVudFwvdXBsb2Fkc1wvMjAyNlwvMDVcLzE5MDI5My0xNjAwLWF1dG8ud2VicCIsInNsaWRlc2hvdyI6Ijg0M2Q5YjMifQ%3D%3D\" href='https:\/\/chooseon.com.br\/mobtap\/wp-content\/uploads\/2026\/05\/190293-1600-auto.webp'><img decoding=\"async\" width=\"370\" height=\"493\" src=\"https:\/\/chooseon.com.br\/mobtap\/wp-content\/uploads\/2026\/05\/190293-1600-auto-370x493.webp\" class=\"attachment-trx_addons-thumb-portrait size-trx_addons-thumb-portrait\" alt=\"\" \/><\/a>\n\t\t\t<\/div><\/figure><figure class='gallery-item'>\n\t\t\t<div class='gallery-icon landscape'>\n\t\t\t\t<a data-elementor-open-lightbox=\"yes\" data-elementor-lightbox-slideshow=\"843d9b3\" data-e-action-hash=\"#elementor-action%3Aaction%3Dlightbox%26settings%3DeyJpZCI6Mzc3MzAsInVybCI6Imh0dHBzOlwvXC9jaG9vc2Vvbi5jb20uYnJcL21vYnRhcFwvd3AtY29udGVudFwvdXBsb2Fkc1wvMjAyNlwvMDVcLzE5MDI4NC0xNjAwLWF1dG8ud2VicCIsInNsaWRlc2hvdyI6Ijg0M2Q5YjMifQ%3D%3D\" href='https:\/\/chooseon.com.br\/mobtap\/wp-content\/uploads\/2026\/05\/190284-1600-auto.webp'><img decoding=\"async\" width=\"370\" height=\"493\" src=\"https:\/\/chooseon.com.br\/mobtap\/wp-content\/uploads\/2026\/05\/190284-1600-auto-370x493.webp\" class=\"attachment-trx_addons-thumb-portrait size-trx_addons-thumb-portrait\" alt=\"\" \/><\/a>\n\t\t\t<\/div><\/figure><figure class='gallery-item'>\n\t\t\t<div class='gallery-icon landscape'>\n\t\t\t\t<a data-elementor-open-lightbox=\"yes\" data-elementor-lightbox-slideshow=\"843d9b3\" data-e-action-hash=\"#elementor-action%3Aaction%3Dlightbox%26settings%3DeyJpZCI6Mzc3MzEsInVybCI6Imh0dHBzOlwvXC9jaG9vc2Vvbi5jb20uYnJcL21vYnRhcFwvd3AtY29udGVudFwvdXBsb2Fkc1wvMjAyNlwvMDVcLzE5MDI4OC0xNjAwLWF1dG8ud2VicCIsInNsaWRlc2hvdyI6Ijg0M2Q5YjMifQ%3D%3D\" href='https:\/\/chooseon.com.br\/mobtap\/wp-content\/uploads\/2026\/05\/190288-1600-auto.webp'><img loading=\"lazy\" decoding=\"async\" width=\"370\" height=\"493\" src=\"https:\/\/chooseon.com.br\/mobtap\/wp-content\/uploads\/2026\/05\/190288-1600-auto-370x493.webp\" class=\"attachment-trx_addons-thumb-portrait size-trx_addons-thumb-portrait\" alt=\"\" \/><\/a>\n\t\t\t<\/div><\/figure>\n\t\t<\/div>\n\t\t<\/div>\n\t\t\t\t\t\t<\/div>\n\t\t\t\t<\/div>\n\t\t\t\t\t<\/div>\n\t\t<\/div>\n\t\t\t\t\t<\/div>\n\t\t<\/section>\n\t\t\t\t<section class=\"elementor-section elementor-top-section elementor-element elementor-element-3e7d355 elementor-section-boxed elementor-section-height-default elementor-section-height-default sc_fly_static\" data-id=\"3e7d355\" data-element_type=\"section\" data-e-type=\"section\">\n\t\t\t\t\t\t<div class=\"elementor-container elementor-column-gap-extended\">\n\t\t\t\t\t<div class=\"elementor-column elementor-col-100 elementor-top-column elementor-element elementor-element-3637366 sc_content_align_inherit sc_layouts_column_icons_position_left sc_fly_static\" data-id=\"3637366\" data-element_type=\"column\" data-e-type=\"column\">\n\t\t\t<div class=\"elementor-widget-wrap elementor-element-populated\">\n\t\t\t\t\t\t<div class=\"elementor-element elementor-element-7b052ae sc_height_huge sc_fly_static elementor-widget elementor-widget-spacer\" data-id=\"7b052ae\" data-element_type=\"widget\" data-e-type=\"widget\" data-widget_type=\"spacer.default\">\n\t\t\t\t<div class=\"elementor-widget-container\">\n\t\t\t\t\t\t\t<div class=\"elementor-spacer\">\n\t\t\t<div class=\"elementor-spacer-inner\"><\/div>\n\t\t<\/div>\n\t\t\t\t\t\t<\/div>\n\t\t\t\t<\/div>\n\t\t\t\t\t<\/div>\n\t\t<\/div>\n\t\t\t\t\t<\/div>\n\t\t<\/section>\n\t\t\t\t<\/div>\n\t\t","protected":false},"excerpt":{"rendered":"<p>Tapete Waterkap Waterkap Por ser extremamente resistente, o WaterKap \u00e9 ideal para secar os p\u00e9s antes da entrada em ambientes internos. Com capacidade de absor\u00e7\u00e3o de at\u00e9 4 litros de&hellip;<\/p>\n","protected":false},"author":1,"featured_media":0,"parent":0,"menu_order":0,"comment_status":"closed","ping_status":"closed","template":"","meta":{"footnotes":""},"class_list":["post-37606","page","type-page","status-publish","hentry"],"_links":{"self":[{"href":"https:\/\/chooseon.com.br\/mobtap\/wp-json\/wp\/v2\/pages\/37606","targetHints":{"allow":["GET"]}}],"collection":[{"href":"https:\/\/chooseon.com.br\/mobtap\/wp-json\/wp\/v2\/pages"}],"about":[{"href":"https:\/\/chooseon.com.br\/mobtap\/wp-json\/wp\/v2\/types\/page"}],"author":[{"embeddable":true,"href":"https:\/\/chooseon.com.br\/mobtap\/wp-json\/wp\/v2\/users\/1"}],"replies":[{"embeddable":true,"href":"https:\/\/chooseon.com.br\/mobtap\/wp-json\/wp\/v2\/comments?post=37606"}],"version-history":[{"count":4,"href":"https:\/\/chooseon.com.br\/mobtap\/wp-json\/wp\/v2\/pages\/37606\/revisions"}],"predecessor-version":[{"id":37736,"href":"https:\/\/chooseon.com.br\/mobtap\/wp-json\/wp\/v2\/pages\/37606\/revisions\/37736"}],"wp:attachment":[{"href":"https:\/\/chooseon.com.br\/mobtap\/wp-json\/wp\/v2\/media?parent=37606"}],"curies":[{"name":"wp","href":"https:\/\/api.w.org\/{rel}","templated":true}]}}